ive of 3*q**5/20 + q**4/12 - q**3/3 - q**2/2 - 3*q. Let l be u(-2). Let g = l + 39. What are the prime factors of g?
2, 11
Let w(m) = -19*m - 33. What are the prime factors of w(-4)?
43
Let u = -3 - -5. Suppose 6*v = u*v - 108. Let t = -13 - v. List the prime factors of t.
2, 7
Let v(w) = 4*w**3 - 2*w**2 + 2*w + 5. Let p be v(3). Suppose 5*x + 504 = 4*g - p, -4*g - 5*x = -595. What are the prime factors of g?
2, 3, 5
Let z(i) be the third derivative of 0*i + 0 - 2/3*i**4 - 1/120*i**6 - 2/3*i**3 - 1/5*i**5 + i**2. What are the prime factors of z(-11)?
3, 17
What are the prime factors of (-1)/(1 + 12/(-15)) - -1036?
1031
Let y = 16 - 22. Let c be 6*y/9*1. What are the prime factors of (-5)/((-15)/c)*-3?
2
Let j(o) = 2*o**3 - 12*o**2 + 5. Let b be j(6). Suppose b*l = 20, 3*n = 4*n - 4*l - 97. What are the prime factors of n?
113
Let p be 20 + (-4)/8*(-2 + 0). Let s(a) = a**3 - 20*a**2 - 17*a - 48. List the prime factors of s(p).
2, 3
Suppose 3*m = 15, s = -4*s + m - 5. Suppose -g - 24 + 31 = s. List the prime factors of g.
7
Let u be 1*(-1 - (-5 + 4)). Suppose -4*l + 232 = -u*l. List the prime factors of l.
2, 29
Suppose 4*w - 3*m + 7 = 32, -w - m + 1 = 0. Suppose -w*i - 35 = 17. What are the prime factors of i/(2 + -3)*1?
13
Let r = 2846 - 1795. What are the prime factors of r?
1051
Let j(o) be the third derivative of o**5/30 - o**4/24 + 7*o**3/6 - 15*o**2. What are the prime factors of j(-9)?
2, 89
Suppose -4*g + 2369 = 5*p + 722, 5*g = -4*p + 1323. List the prime factors of p.
3, 109
Suppose -3*g + 103 = -2*n - 22, 5*g - n - 213 = 0. Suppose v - 39 = g. What are the prime factors of v?
2, 41
Suppose 2*s = 41 + 25. What are the prime factors of s?
3, 11
Suppose -3*o + 883 + 173 = 0. What are the prime factors of o?
2, 11
Let x(u) be the first derivative of u**4/4 - 2*u**3/3 - u**2/2 + 2*u - 3. Let g be x(2). Suppose 9 = -g*d + 3*d. What are the prime factors of d?
3
Suppose 19 + 5 = 12*t. Suppose -t*n + 57 = -n. What are the prime factors of n?
3, 19
Let a(h) = -3*h - 1. Suppose 2*n = 4*t + 2, -5*n = -3*t - 3 + 5. Let c be a(n). List the prime factors of 23 + 2 + c + -1.
2, 13
Suppose 15 = -3*h + 273. Let j = h - -73. What are the prime factors of j?
3, 53
Suppose 20*z = 6917 + 4863. Suppose -5*o + z = -2*r - 427, -r = -2. What are the prime factors of o?
2, 3, 17
Let w(q) = -26*q + 5. Let b(c) = 23*c - 6. Let r(y) = -6*b(y) - 7*w(y). Let k(z) = -z**2 - 4*z - 3. Let h be k(-2). List the prime factors of r(h).
3, 5
Let r(q) be the second derivative of -q**5/20 + 5*q**4/12 + 3*q**3/2 - 9*q**2/2 + q. Let j(t) = 9*t - 138. Let p be j(16). What are the prime factors of r(p)?
3
Let k = 36 + -39. List the prime factors of (3/(-6))/(3*k/702).
3, 13
Let x be (3/2)/((-2)/(-12)). Let q be (-30)/10 + 6 + 0. What are the prime factors of (-12)/x - (-25)/q?
7
Suppose -2 + 12 = 5*t. Let i be 38 + t - 15/5. Suppose 0 = 2*q - 1 - i. What are the prime factors of q?
19
Suppose o + 6*m = m + 14, 0 = -4*o + m + 35. Suppose 180 = o*r - 7*r. What are the prime factors of r?
2, 3, 5
Suppose 5*y = 2*n - 1025, -4*n - 7*y + 1980 = -3*y. List the prime factors of n.
2, 5
Let w(j) = 32*j - 27. Let o be w(3). Let n be (-4)/(-5)*10/4. Suppose -n*k = k - o. List the prime factors of k.
23
Suppose 4*z + 7 = -5. List the prime factors of 2/(35/10 + z).
2
List the prime factors of 258 - -2 - (-4 - (-11 + 5)).
2, 3, 43
Suppose 3*o - 554 = -2*o + k, 5 = 5*k. Suppose 2*x = 3*n + 225, -5*x - 4*n = -708 + o. What are the prime factors of x?
3, 13
Let a(v) = -1 - 7*v + 0 + 2 + 3*v. Let d be a(-1). Suppose -d*y + 245 = -75. What are the prime factors of y?
2
Let t = -5 + 5. Suppose t = -4*b - 4, -3*b + 21 + 168 = 3*d. Suppose -12 = -4*c + d. List the prime factors of c.
19
Let w(k) = -k**3 + 50*k**2 - 10*k + 100. List the prime factors of w(49).
2011
Suppose -11*s + 3315 = l - 12*s, 0 = -5*l + 2*s + 16575. What are the prime factors of l?
3, 5, 13, 17
Suppose 4 = -2*f - 2*f. Let y(u) = -30*u**3 - u**2 - 2*u - 1. What are the prime factors of y(f)?
2, 3, 5
Suppose 77*a = 80*a - 2106. What are the prime factors of a?
2, 3, 13
What are the prime factors of (-14)/1092*-13 + 6485/6?
23, 47
Suppose -9*i = 2*i - 88. Let c(k) = 26*k - 12. What are the prime factors of c(i)?
2, 7
Let y(r) = 4*r**2 + 6*r + 52*r**3 - 8 - 53*r**3 + 16*r**2. What are the prime factors of y(20)?
2, 7
Let h(s) = 3*s**2 + 2*s + 78. List the prime factors of h(-11).
419
Suppose x = -9*x - 510. Let v = 23 - x. List the prime factors of v.
2, 37
Suppose -c = -o - 3, 0 = -3*c - 1 - 8. Let x = 10 + o. Suppose j - x*j + 75 = -2*k, k = -4*j + 89. What are the prime factors of j?
23
Let t = -146 + 323. Let h = -115 + t. List the prime factors of h.
2, 31
Suppose 7 = j + 3*d - 0*d, -4*j - 5*d = -21. What are the prime factors of 120 + 0 + 12/j + 0?
3, 41
Let v(g) = -g**3 - 2*g**2 + 3*g. Let z be v(-3). Suppose z = 2*q - w - 159, -5*w - 207 - 102 = -4*q. Suppose -5*x = -59 - q. List the prime factors of x.
2, 7
Let h(r) = -r**2 - 6*r. Let i be h(-8). Let k = i - -22. Let j(q) = -q**3 + 8*q**2 - 6*q - 8. What are the prime factors of j(k)?
2, 7
Let o(u) = 247*u + 11. Let z be o(5). Suppose z + 162 = 8*j. List the prime factors of j.
2, 11
Let i be (-30)/((0 - -2)*-1). Suppose 3*g = -3*b + 9, 0 = -3*b - 2*b + g - i. Let j = b + 19. List the prime factors of j.
17
What are the prime factors of 6/(16/8 + 266/(-136))?
2, 17
Suppose 0 = 4*y + 4*d - 851 - 721, -3*y = -5*d - 1219. What are the prime factors of y?
2, 199
Let c be -2 - 8/(-4 - 0). Suppose -4*s + 6*s - p - 33 = c, 2*s + 5*p = 39. Let o = s + 1. What are the prime factors of o?
2, 3
Let t(g) = g**3 + 3*g**2 - g - 4. Let j be 24/(-16)*(3 + -1). Let n be t(j). List the prime factors of n/(3/(-90)*3).
2, 5
Let u(h) = -3*h**3 - 2*h**2 - h - 2. Suppose -3*g = -5*n - 5, -n = -6*n - 4*g + 30. Suppose n*m = -m - 6. What are the prime factors of u(m)?
2
Let i(y) = -y**2 - 10*y - 5. Let f be i(-9). Suppose f*d - 11 = 41. Suppose 3*a + d = 43. What are the prime factors of a?
2, 5
Suppose 2*c + 158 = 3*l, -5*c + 9 = -3*l + 161. Let j = -31 + l. What are the prime factors of j?
23
Suppose -6*v = -2*v + 56. Let k be ((-4)/10)/(v/105). Suppose -5*y = z - 9, k*z - y = 18 + 89. List the prime factors of z.
2, 17
Let t(z) = 3*z - 9. Let k be t(5). Let u be (7/2 + -3)*k. Suppose 3*i - 36 = -2*g - u*g, 0 = -3*i + 4*g + 9. List the prime factors of i.
7
Let r(k) = 1322*k**2 + 32*k + 32. List the prime factors of r(-1).
2, 661
Let p be -2 - 3/(-3)*8558. List the prime factors of p/108 + 4/(-18).
79
Let a(q) = 2 + 6*q**2 - 13*q**2 + 8*q**2 + 0*q**2. What are the prime factors of a(11)?
3, 41
Let v(w) = -w**3 + 11*w**2 + 9*w. Let n be v(10). Suppose 0 = -3*i - 149 - n. Let j = -78 - i. What are the prime factors of j?
5, 7
What are the prime factors of 6/12 + (11085/10 - 1)?
2, 277
Suppose 3*s - 4 = c + 3*c, 2*c + 3*s = -20. Let h(r) = -r**3 - 3*r**2 - 2. Let m be h(c). Suppose 0 = k - 36 + m. List the prime factors of k.
2, 11
Let h(s) = -3*s - 7. Let y be h(-3). Suppose -g = y*g. Suppose g = -3*r + 76 + 17. What are the prime factors of r?
31
Let z = 59 + -57. List the prime factors of (z + -1)/(2/326).
163
Let q = 883 - -1658. List the prime factors of q.
3, 7, 11
Suppose 164*z = 171*z - 22582. List the prime factors of z.
2, 1613
Suppose -44 = -2*n + n. Let f(d) = d**3 - 5*d**2 + 8*d - 14. Let j be f(4). Suppose 4 = j*l - n. List the prime factors of l.
2, 3
What are the prime factors of 1587 + 2 + 88 + -85?
2, 199
Let g be 10/(-4)*(-42)/35. List the prime factors of (41/g)/(26/12 - 2).
2, 41
Let n = -66 - -64. Let r(o) = -81*o - 15. List the prime factors of r(n).
3, 7
Let j = -695 - -1603. List the prime factors of j.
2, 227
Let j be (6 + -7)/(1/(-34)). Let p = 10 + j. List the prime factors of (3/2)/(6/p).
11
Suppose 4*z = 6*z - 12. Let j be 16/z*342/24. Suppose -j = -x - x. List the prime factors of x.
19
Let m be (6/(-4))/(2/24). Let l(g) = -g**2 + 10*g + 7. Let d be l(11). List the prime factors of d + (-1 - -2) - m.
3, 5
List the prime factors of (33 - -1)*207/18.
17, 23
Let v be (2/8 - (-17)/(-4)) + 3. List the prime factors of (v/(210/212 + -1))/2.
53
Let l(p) = -p + 12. Let i be l(10). Suppose -3*v = o - 7*v - 22, -o - 2 = i*v. Suppose o*t - t = 25. List the prime factors of 